{"id":330,"date":"2023-01-25T20:51:51","date_gmt":"2023-01-25T19:51:51","guid":{"rendered":"http:\/\/ardd.eu\/?page_id=330"},"modified":"2024-01-25T10:12:09","modified_gmt":"2024-01-25T09:12:09","slug":"comite-dhonneur","status":"publish","type":"page","link":"https:\/\/ardd.eu\/?page_id=330","title":{"rendered":"Comit\u00e9 d\u2019Honneur"},"content":{"rendered":"\n<p><strong><u>Elle et il ont soutenu l\u2019association<\/u><\/strong><\/p>\n\n\n\n<ul class=\"wp-block-list\">\n<li>Benoite Groult\u00a0\u00a0(1920 \u20132016) \u2013 Journaliste et Ecrivaine &#8211; f\u00e9ministe<\/li>\n\n\n\n<li>Pierre Samuel\u00a0(1921 \u2013 2009) \u2013\u00a0Math\u00e9maticien et Philosophe \u2013 ancien r\u00e9sistant &#8211; ancien pr\u00e9sident des Amis de la Terre France \u2013 auteur de plusieurs ouvrages en math\u00e9matique et en \u00e9cologie<\/li>\n\n\n\n<li>Hubert Reeves (1932 &#8211; 2023) &#8211; Astrophysicien<\/li>\n\n\n\n<li>Fran\u00e7ois Lapoix (1938 &#8211; 2022) &#8211; Ma\u00eetre de conf\u00e9rence au Mus\u00e9um d&rsquo;histoire naturelle de Paris &#8211; professeur \u00e0 l&rsquo;Ecole nationale des Travaux Publics de l&rsquo;Etat et \u00e0 l&rsquo;Ecole d&rsquo;Architecture de paris &#8211; Conflans<\/li>\n<\/ul>\n\n\n\n<p><\/p>\n\n\n\n<p><\/p>\n\n\n\n<p><strong><u>Ils soutiennent l\u2019association<\/u><\/strong><\/p>\n\n\n\n<ul class=\"wp-block-list\">\n<li>Chantal et Alain Mamou-Mani&nbsp;&#8211; Producteur de cin\u00e9ma, \u00e9crivain \u2013 Fondateur du magazine \u00ab&nbsp;D\u00e9cision Environnement&nbsp;\u00bb (1992) et de l\u2019association OREE (1993) \u2013 ancien directeur g\u00e9n\u00e9ral de Nova Press<\/li>\n\n\n\n<li>Pascal Tourbe&nbsp;: ancien Secr\u00e9taire G\u00e9n\u00e9ral des Amis de la Terre<\/li>\n\n\n\n<li>Dominique Martin Ferrari, journaliste \u2013 r\u00e9alisatrice TV<\/li>\n\n\n\n<li>Guy Aznar, chercheur ind\u00e9pendant en prospective sociale \u2013 ancien Pr\u00e9sident des Amis de la terre France<\/li>\n\n\n\n<li>Laurent SAMUEL, journaliste, r\u00e9dacteur en chef du site de l&rsquo;association des Journalistes et \u00e9crivains pour la nature et l&rsquo;\u00e9cologie (JNE). Ancien journaliste aux magazines \u00c7a m&rsquo;Int\u00e9resse, Psychologie, le Sauvage, la Gueule Ouverte, la Baleine. Ancien animateur des Amis de la Terre<\/li>\n\n\n\n<li>Brice Lalonde&nbsp;:&nbsp;ministre de l\u2019Environnement<strong> <\/strong>(1988-1992) et maire de Saint-Briac-sur-Mer&nbsp;(1995-2008) &#8211; Sous-secr\u00e9taire de l\u2019ONU charg\u00e9 de la conf\u00e9rence Rio+20, puis ambassadeur \u00e0&nbsp;l\u2019ONU et charg\u00e9 du climat (2008-2011). Ancien pr\u00e9sident des Amis de la Terre France<strong> <\/strong>dans les ann\u00e9es 1970, il est&nbsp;aujourd\u2019hui&nbsp;pr\u00e9sident de EDEN (\u00c9quilibre des \u00e9nergies) pour la d\u00e9carbonation de l\u2019\u00e9conomie fran\u00e7aise<\/li>\n\n\n\n<li>Luc Blanckaert&nbsp;: militant \u00e9cologiste<\/li>\n\n\n\n<li>Alexis Mariani \u2013 Polytechnicien \u2013 GREF &#8211; Minist\u00e8re de l&rsquo;Ecologie et du D\u00e9veloppement Durable\u00a0: politique d&rsquo;att\u00e9nuation du changement climatique, \u00e9valuation des impacts des plans, programmes et projets au regard de l&rsquo;environnement, politique de l&rsquo;eau \u00e0 l&rsquo;\u00e9chelle du bassin versant de l&rsquo;Escaut (2001\/2008) &#8211; World Bank\u00a0: Sr Climate Change Specialist (2009 \/ 2011) &#8211; MEL Lille Directeur de l&rsquo;Am\u00e9nagement Urbain et des Espaces Naturels (2011\/2015) \u2013 Rennes Ville et M\u00e9tropole\u00a0: Directeur G\u00e9n\u00e9ral Adjoint Am\u00e9nagement urbain, Transition \u00e9cologique, Ville intelligente (2020 \u2013 2015) \u2013 Soci\u00e9t\u00e9 SETEC\u00a0: DGA Villes et Territoires<\/li>\n\n\n\n<li>Claude-Marie Vadrot &#8211; Journaliste Grand Reporter (Le Canard encha\u00een\u00e9 &#8211; Le Journal du Dimanche &#8211; &#8230;) sp\u00e9cialiste des zones de conflits et des questions d&rsquo;environnement<\/li>\n\n\n\n<li>Bertrand Zuindeau\u00a0: actuellement conseiller technique dans une Collectivit\u00e9 territoriale. Docteur en \u00e9conomie, universitaire pendant vingt ans travaillant\u00a0dans le domaine de l&rsquo;\u00e9conomie de l&rsquo;environnement et du d\u00e9veloppement durable. Auteur de nombreuses publications sur ces sujets. Egalement auteur de romans, en particulier, en 2022,\u00a0<em>Paradosis<\/em>, roman d&rsquo;anticipation.<\/li>\n<\/ul>\n","protected":false},"excerpt":{"rendered":"<p>Elle et il ont soutenu l\u2019association Ils soutiennent l\u2019association<\/p>\n","protected":false},"author":1,"featured_media":0,"parent":0,"menu_order":0,"comment_status":"closed","ping_status":"closed","template":"","meta":{"zakra_page_container_layout":"customizer","zakra_page_sidebar_layout":"customizer","zakra_remove_content_margin":false,"zakra_sidebar":"customizer","zakra_transparent_header":"customizer","zakra_logo":0,"zakra_main_header_style":"default","zakra_menu_item_color":"","zakra_menu_item_hover_color":"","zakra_menu_item_active_color":"","zakra_menu_active_style":"","zakra_page_header":true,"_uag_custom_page_level_css":"","footnotes":""},"class_list":["post-330","page","type-page","status-publish","hentry"],"uagb_featured_image_src":{"full":false,"thumbnail":false,"medium":false,"medium_large":false,"large":false,"1536x1536":false,"2048x2048":false},"uagb_author_info":{"display_name":"admin8951","author_link":"https:\/\/ardd.eu\/?author=1"},"uagb_comment_info":0,"uagb_excerpt":"Elle et il ont soutenu l\u2019association Ils soutiennent l\u2019association","_links":{"self":[{"href":"https:\/\/ardd.eu\/index.php?rest_route=\/wp\/v2\/pages\/330","targetHints":{"allow":["GET"]}}],"collection":[{"href":"https:\/\/ardd.eu\/index.php?rest_route=\/wp\/v2\/pages"}],"about":[{"href":"https:\/\/ardd.eu\/index.php?rest_route=\/wp\/v2\/types\/page"}],"author":[{"embeddable":true,"href":"https:\/\/ardd.eu\/index.php?rest_route=\/wp\/v2\/users\/1"}],"replies":[{"embeddable":true,"href":"https:\/\/ardd.eu\/index.php?rest_route=%2Fwp%2Fv2%2Fcomments&post=330"}],"version-history":[{"count":5,"href":"https:\/\/ardd.eu\/index.php?rest_route=\/wp\/v2\/pages\/330\/revisions"}],"predecessor-version":[{"id":766,"href":"https:\/\/ardd.eu\/index.php?rest_route=\/wp\/v2\/pages\/330\/revisions\/766"}],"wp:attachment":[{"href":"https:\/\/ardd.eu\/index.php?rest_route=%2Fwp%2Fv2%2Fmedia&parent=330"}],"curies":[{"name":"wp","href":"https:\/\/api.w.org\/{rel}","templated":true}]}}