{"id":34,"date":"2023-01-11T21:30:34","date_gmt":"2023-01-11T20:30:34","guid":{"rendered":"http:\/\/ardd.eu\/?page_id=34"},"modified":"2024-01-22T21:28:52","modified_gmt":"2024-01-22T20:28:52","slug":"nous-soutenir-nous-rejoindre","status":"publish","type":"page","link":"https:\/\/ardd.eu\/?page_id=34","title":{"rendered":"Nous soutenir"},"content":{"rendered":"\n<p>En soutenant les Acteurs R\u00e9gionaux du D\u00e9veloppement Durable, vous participez directement \u00e0 rendre possible la construction du \u00ab&nbsp;Bien Commun&nbsp;\u00bb avec la volont\u00e9 d\u2019un d\u00e9veloppement durable et permettez ainsi \u00e0 l\u2019ARDD de poursuivre et d\u2019amplifier ses actions d\u2019int\u00e9r\u00eat g\u00e9n\u00e9ral.<\/p>\n\n\n\n<p>Les dons ouvrent droit \u00e0 une r\u00e9duction d\u2019imp\u00f4ts \u00e9gale \u00e0 66 % pour les particuliers dans la limite de 20 % du revenu imposable.<br>Pour les entreprises, cette r\u00e9duction est \u00e9gale \u00e0 60 % des versements pris dans la limite de 5 % du chiffre d\u2019affaires.<br>arts&nbsp;200-1A&nbsp;et&nbsp;238-1-bis&nbsp;du&nbsp;code&nbsp;g\u00e9n\u00e9ral&nbsp;des&nbsp;imp\u00f4ts.<\/p>\n\n\n\n<p><br>Les Acteurs R\u00e9gionaux du D\u00e9veloppement Durable vous remercient pour votre soutien.<\/p>\n\n\n\n<div class=\"wp-block-columns is-layout-flex wp-container-core-columns-is-layout-28f84493 wp-block-columns-is-layout-flex\">\n<div class=\"wp-block-column is-layout-flow wp-block-column-is-layout-flow\">\n<h3 class=\"wp-block-heading has-text-align-center\"><strong><a href=\"https:\/\/www.helloasso.com\/associations\/demain-l-environnement-acteurs-regionaux-du-developpement-durable\/formulaires\/1\" target=\"_blank\" rel=\"noreferrer noopener\">Nous faire un don<\/a><\/strong><\/h3>\n<\/div>\n\n\n\n<div class=\"wp-block-column is-layout-flow wp-block-column-is-layout-flow\">\n<h3 class=\"wp-block-heading has-text-align-center\"><strong><a href=\"https:\/\/www.helloasso.com\/associations\/demain-l-environnement-acteurs-regionaux-du-developpement-durable\/adhesions\/bulletin-d-adhesion-aux-acteurs-regionaux-du-developpement-durable-2-1\" target=\"_blank\" rel=\"noreferrer noopener\">Bulletin d&rsquo;adh\u00e9sion<\/a><\/strong><\/h3>\n<\/div>\n<\/div>\n\n\n\n<p><\/p>\n","protected":false},"excerpt":{"rendered":"<p>En soutenant les Acteurs R\u00e9gionaux du D\u00e9veloppement Durable, vous participez directement \u00e0 rendre possible la construction du \u00ab&nbsp;Bien Commun&nbsp;\u00bb avec la volont\u00e9 d\u2019un d\u00e9veloppement durable et permettez ainsi \u00e0 l\u2019ARDD [&hellip;]<\/p>\n","protected":false},"author":1,"featured_media":0,"parent":0,"menu_order":0,"comment_status":"closed","ping_status":"closed","template":"","meta":{"zakra_page_container_layout":"customizer","zakra_page_sidebar_layout":"customizer","zakra_remove_content_margin":false,"zakra_sidebar":"customizer","zakra_transparent_header":"customizer","zakra_logo":0,"zakra_main_header_style":"default","zakra_menu_item_color":"","zakra_menu_item_hover_color":"","zakra_menu_item_active_color":"","zakra_menu_active_style":"","zakra_page_header":true,"_uag_custom_page_level_css":"","footnotes":""},"class_list":["post-34","page","type-page","status-publish","hentry"],"uagb_featured_image_src":{"full":false,"thumbnail":false,"medium":false,"medium_large":false,"large":false,"1536x1536":false,"2048x2048":false},"uagb_author_info":{"display_name":"admin8951","author_link":"https:\/\/ardd.eu\/?author=1"},"uagb_comment_info":0,"uagb_excerpt":"En soutenant les Acteurs R\u00e9gionaux du D\u00e9veloppement Durable, vous participez directement \u00e0 rendre possible la construction du \u00ab&nbsp;Bien Commun&nbsp;\u00bb avec la volont\u00e9 d\u2019un d\u00e9veloppement durable et permettez ainsi \u00e0 l\u2019ARDD [&hellip;]","_links":{"self":[{"href":"https:\/\/ardd.eu\/index.php?rest_route=\/wp\/v2\/pages\/34","targetHints":{"allow":["GET"]}}],"collection":[{"href":"https:\/\/ardd.eu\/index.php?rest_route=\/wp\/v2\/pages"}],"about":[{"href":"https:\/\/ardd.eu\/index.php?rest_route=\/wp\/v2\/types\/page"}],"author":[{"embeddable":true,"href":"https:\/\/ardd.eu\/index.php?rest_route=\/wp\/v2\/users\/1"}],"replies":[{"embeddable":true,"href":"https:\/\/ardd.eu\/index.php?rest_route=%2Fwp%2Fv2%2Fcomments&post=34"}],"version-history":[{"count":11,"href":"https:\/\/ardd.eu\/index.php?rest_route=\/wp\/v2\/pages\/34\/revisions"}],"predecessor-version":[{"id":763,"href":"https:\/\/ardd.eu\/index.php?rest_route=\/wp\/v2\/pages\/34\/revisions\/763"}],"wp:attachment":[{"href":"https:\/\/ardd.eu\/index.php?rest_route=%2Fwp%2Fv2%2Fmedia&parent=34"}],"curies":[{"name":"wp","href":"https:\/\/api.w.org\/{rel}","templated":true}]}}